posite number?
True
Is 271686056659 prime?
False
Is 3760563817 a composite number?
True
Is 196736022227 composite?
False
Is 5976675923 composite?
True
Is 38852244421 prime?
True
Is 43382821 a composite number?
True
Is 847034911 a prime number?
False
Is 11800339141 a prime number?
False
Is 7753874503 a prime number?
False
Is 2147754029 prime?
True
Is 264233903 a composite number?
True
Is 7470179789 composite?
True
Is 11512739737 a prime number?
True
Is 42822683 a composite number?
True
Is 265785697 composite?
True
Is 1236156997 a prime number?
True
Is 29036503393 composite?
False
Is 9330196361 a prime number?
False
Is 10775907397 composite?
False
Is 537411269 a prime number?
False
Is 317482331 a composite number?
False
Is 1089588767 a composite number?
False
Is 615106363 a composite number?
False
Is 6833658511 composite?
True
Is 8055851 prime?
True
Is 7494654977 a composite number?
True
Is 97531392473 a prime number?
True
Is 105958813 a composite number?
False
Is 17057597101 a composite number?
False
Is 2735289757 a prime number?
False
Is 240996257 a composite number?
False
Is 21614730913 a composite number?
True
Is 838421951 a prime number?
True
Is 12701138227 composite?
False
Is 191378407973 prime?
True
Is 92827171 composite?
True
Is 11234602919 a prime number?
True
Is 195507658 prime?
False
Is 29094922781 a prime number?
False
Is 1118895419 a composite number?
False
Is 3450077729 a prime number?
False
Is 693338917 a composite number?
True
Is 66124873 a prime number?
False
Is 871828019 composite?
True
Is 910604977 a prime number?
True
Is 6209156867 prime?
True
Is 5681934802 a prime number?
False
Is 79121839309 a composite number?
False
Is 60629830253 composite?
False
Is 2278514951 composite?
False
Is 2637466761 a composite number?
True
Is 24217873577 a composite number?
False
Is 9866643619 composite?
True
Is 910529827 a prime number?
True
Is 50612521 a composite number?
False
Is 6569764391 a composite number?
False
Is 4052280019 prime?
False
Is 1004395817 composite?
False
Is 773954791 a prime number?
True
Is 640621279 a prime number?
False
Is 12074900381 composite?
True
Is 347896249 a composite number?
True
Is 21402599497 composite?
True
Is 811692043 a composite number?
False
Is 2485468847 a prime number?
True
Is 1543091629 a prime number?
False
Is 11085069761 a composite number?
False
Is 5990055583 composite?
True
Is 56037917927 prime?
False
Is 46641526467 prime?
False
Is 157335791 a prime number?
True
Is 21451001513 a composite number?
True
Is 2738842729 composite?
True
Is 968261386 a prime number?
False
Is 3931546859 a prime number?
False
Is 1277598077 a composite number?
True
Is 223482593 a prime number?
True
Is 100536781357 composite?
False
Is 2548564093 composite?
True
Is 34987191677 composite?
True
Is 329293837 a prime number?
False
Is 599252399 a prime number?
True
Is 16420158471 composite?
True
Is 69205319489 a prime number?
True
Is 124880089 composite?
False
Is 1398365767 a composite number?
True
Is 531472621 a prime number?
False
Is 14797325859 a composite number?
True
Is 1065567289 composite?
True
Is 181102657 a composite number?
True
Is 1877249687 a prime number?
False
Is 16118972951 a composite number?
True
Is 7449026281 composite?
True
Is 11875560927 a prime number?
False
Is 1293250217 prime?
False
Is 17517397129 a composite number?
False
Is 25399927551 a composite number?
True
Is 31502180513 composite?
False
Is 329268983 a prime number?
False
Is 744010649 composite?
False
Is 1153248709 a prime number?
True
Is 4188894553 a prime number?
True
Is 25057853 composite?
False
Is 158830801957 prime?
True
Is 10328072701 composite?
False
Is 14616967 a composite number?
False
Is 2146442351 a composite number?
True
Is 54970369323 a composite number?
True
Is 1602302753 composite?
False
Is 2161352431 a composite number?
True
Is 3190445254 prime?
False
Is 1773238849 composite?
True
Is 47670646399 prime?
True
Is 9389893979 a prime number?
True
Is 720352337 a prime number?
True
Is 3111104627 composite?
False
Is 10259400893 a composite number?
True
Is 586540247 prime?
False
Is 45725021 a prime number?
False
Is 4055597914 a composite number?
True
Is 351168581 a prime number?
False
Is 328884163 a composite number?
True
Is 29988310013 a prime number?
True
Is 8443640483 a prime number?
True
Is 1631758411 prime?
True
Is 69420901001 a prime number?
True
Is 33539393 a prime number?
True
Is 1449792493 prime?
True
Is 5203020737 a prime number?
True
Is 1215490079 composite?
True
Is 206621761 composite?
True
Is 1762697467 a composite number?
True
Is 832071781 composite?
True
Is 1443058619 a prime number?
False
Is 208758103 a prime number?
True
Is 5956461389 composite?
True
Is 3451265071 composite?
False
Is 638241973 a composite number?
True
Is 6156396413 a composite number?
False
Is 28722667153 prime?
False
Is 562758142 a prime number?
False
Is 1282445401 composite?
True
Is 7060971583 composite?
False
Is 101824884849 composite?
True
Is 1032973087 prime?
True
Is 34962973 composite?
True
Is 61745286731 prime?
False
Is 579953471 prime?
False
Is 16294596739 composite?
False
Is 45566513 composite?
True
Is 44338303523 composite?
True
Is 135114517 composite?
False
Is 1213174121 prime?
False
Is 1777195573 composite?
False
Is 312748907 prime?
True
Is 247743907943 composite?
True
Is 3875597239 prime?
False
Is 84716683 composite?
False
Is 114184578173 a prime number?
True
Is 113910911 composite?
False
Is 491982271 a composite number?
True
Is 234513578887 a composite number?
True
Is 19860527699 a prime number?
True
Is 2105968471 composite?
False
Is 2998675261 prime?
False
Is 341391557 a prime number?
False
Is 1813255427 a prime number?
True
Is 2027658337 a composite number?
True
Is 3792796019 a prime number?
True
Is 9853364743 a prime number?
True
Is 5076146639 prime?
True
Is 90223351571 a composite number?
False
Is 887709989 a prime number?
True
Is 43288999 prime?
False
Is 7205521493 composite?
False
Is 3097682479 a composite number?
False
Is 2654049277 a composite number?
True
Is 3331930357 composite?
True
Is 14995115599 a composite number?
False
Is 1648784587 composite?
True
Is 19740014647 prime?
False
Is 6151819231 composite?
False
Is 366089879 prime?
False
Is 12415946099 composite?
False
Is 1592445923 a composite number?
True
Is 818222831 composite?
False
Is 2107027997 prime?
True
Is 8202166787 prime?
True
Is 389694103 prime?
True
Is 99191933 composite?
False
Is 23305596619 prime?
True
Is 210095332319 a composite number?
False
Is 3022874129 a prime number?
False
Is 134943606947 composite?
False
Is 14835972779 composite?
False
Is 4895727787 composite?
True
Is 882133319 a composite number?
False
Is 5370955523 a prime number?
False
Is 2035532671 a prime number?
True
Is 5906472211 composite?
False
Is 14471411033 prime?
False
Is 118761037 prime?
True
Is 70760526923 a composite number?
True
Is 1745671498 a prime number?
False
Is 2424045629 prime?
True
Is 3364041001 a composite number?
False
Is 122789469343 composite?
True
Is 6027207847 composite?
False
Is 9299844373 prime?
False
Is 154854657673 composite?
False
Is 55414148597 a composite number?
False
Is 362518027 prime?
True
Is 18534780287 composite?
False
Is 60376703 a composite number?
True
Is 366168821 a composite number?
False
Is 625227287 composite?
True
Is 39265153903 composite?
False
Is 2950425371 a prime number?
False
Is 27098609 a prime number?
False
Is 542624081 composite?
False
Is 152797029239 prime?
True
Is 8813937199 a composite number?
False
Is 15057335027 a composite number?
True
Is 15037672821 prime?
False
Is 27349371901 a prime number?
False
Is 1225332013 a composite number?
False
Is 1531898933 composite?
True
Is 298578239 prime?
False
Is 593819971 composite?
False
Is 164176567 prime?
True
Is 386207986 a composite number?
True
Is 1245981661 a composite number?
False
Is 9675105781 prime?
False
Is 7064923931 a prime number?
False
Is 50723229301 composite?
False
Is 565895387 a prime number?
False
Is 503001623 prime?
True
Is 7087567363 a composite number?
True
Is 865691617 composite?
True
Is 14643477791 composite?
False
Is 2014166173 a prime number?
True
Is 1042973473 a prime number?
False
Is 69771298381 a prime number?
False
Is 958813279 prime?
True
Is 29338297 prime?
False
Is 17198797403 prime?
Fa